the prime factors of 5725736?
2, 17, 42101
List the prime factors of 39605.
5, 89
What are the prime factors of 129199?
7, 18457
List the prime factors of 710322.
2, 3, 118387
List the prime factors of 12559955.
5, 23, 149, 733
List the prime factors of 3347055.
3, 5, 24793
What are the prime factors of 541972?
2, 23, 43, 137
What are the prime factors of 34877595?
3, 5, 2325173
What are the prime factors of 2619925?
5, 7, 11, 1361
What are the prime factors of 2058164?
2, 599, 859
What are the prime factors of 42430116?
2, 3, 19, 186097
List the prime factors of 40928216.
2, 7, 37, 19753
What are the prime factors of 6120783?
3, 23, 29569
List the prime factors of 29413286.
2, 7, 1051, 1999
What are the prime factors of 14211692?
2, 11, 29363
List the prime factors of 2414386.
2, 13, 92861
List the prime factors of 28483726.
2, 271, 52553
List the prime factors of 2250173.
1409, 1597
What are the prime factors of 3370627?
13, 23, 11273
List the prime factors of 16559373.
3, 53, 104147
What are the prime factors of 4656663?
3, 11, 15679
What are the prime factors of 19024478?
2, 11, 179, 4831
List the prime factors of 730256.
2, 45641
List the prime factors of 4474008.
2, 3, 7, 11, 269
What are the prime factors of 1937886?
2, 3, 19, 89, 191
List the prime factors of 36282472.
2, 439, 10331
What are the prime factors of 27893?
27893
What are the prime factors of 1985480?
2, 5, 7, 1013
List the prime factors of 6130864.
2, 383179
List the prime factors of 6062183.
17, 43, 8293
List the prime factors of 341468.
2, 19, 4493
List the prime factors of 663534.
2, 3, 191, 193
What are the prime factors of 129039?
3, 43013
What are the prime factors of 5376050?
2, 5, 19, 5659
What are the prime factors of 3587606?
2, 11, 313, 521
What are the prime factors of 15080?
2, 5, 13, 29
List the prime factors of 18988434.
2, 3, 107, 9859
What are the prime factors of 1107212?
2, 131, 2113
What are the prime factors of 1262265?
3, 5, 19, 43, 103
What are the prime factors of 1994661?
3, 17, 13037
List the prime factors of 3086818.
2, 7, 29, 7603
What are the prime factors of 2645860?
2, 5, 7, 18899
List the prime factors of 12379187.
761, 16267
What are the prime factors of 3179216?
2, 198701
List the prime factors of 9051017.
9051017
What are the prime factors of 256007?
67, 3821
What are the prime factors of 138331?
43, 3217
What are the prime factors of 2754176?
2, 21517
List the prime factors of 860159.
73, 11783
What are the prime factors of 13231792?
2, 7, 31, 37, 103
List the prime factors of 3934392.
2, 3, 7, 11, 2129
What are the prime factors of 3601513?
97, 107, 347
What are the prime factors of 235170?
2, 3, 5, 13, 67
What are the prime factors of 3222821?
7, 460403
What are the prime factors of 103904?
2, 17, 191
What are the prime factors of 3955966?
2, 7, 37, 1091
List the prime factors of 5505585.
3, 5, 59, 6221
List the prime factors of 2360914.
2, 587, 2011
List the prime factors of 2663334.
2, 3, 31, 37, 43
What are the prime factors of 1990181?
41, 48541
List the prime factors of 159742.
2, 11, 53, 137
What are the prime factors of 731056?
2, 45691
What are the prime factors of 17944546?
2, 8972273
What are the prime factors of 25568593?
421, 60733
List the prime factors of 10936409.
11, 89, 11171
List the prime factors of 4704839.
31, 151769
List the prime factors of 314676.
2, 3, 8741
What are the prime factors of 95322?
2, 3, 15887
List the prime factors of 2078482.
2, 7, 127, 167
What are the prime factors of 812678?
2, 406339
What are the prime factors of 1500954?
2, 3, 7, 13, 2749
What are the prime factors of 534911?
13, 23, 1789
What are the prime factors of 1092491?
79, 13829
What are the prime factors of 10288155?
3, 5, 103, 6659
What are the prime factors of 5921735?
5, 1184347
What are the prime factors of 201906?
2, 3, 3739
What are the prime factors of 287806?
2, 151, 953
What are the prime factors of 2043742?
2, 613, 1667
What are the prime factors of 11565105?
3, 5, 89, 8663
List the prime factors of 1270547.
1270547
List the prime factors of 785188.
2, 73, 2689
What are the prime factors of 8120680?
2, 5, 203017
What are the prime factors of 11190352?
2, 17, 41141
List the prime factors of 790669.
11, 71879
What are the prime factors of 31453086?
2, 3, 7, 748883
List the prime factors of 239906.
2, 119953
List the prime factors of 690857.
541, 1277
List the prime factors of 5386872.
2, 3, 389, 577
List the prime factors of 34026397.
19, 1790863
List the prime factors of 28468131.
3, 1327, 7151
List the prime factors of 3976986.
2, 3, 13, 67, 761
What are the prime factors of 6979083?
3, 2326361
What are the prime factors of 21718294?
2, 13, 835319
What are the prime factors of 42786?
2, 3, 2377
List the prime factors of 7009631.
139, 211, 239
What are the prime factors of 123574?
2, 11, 41, 137
What are the prime factors of 23238571?
173, 134327
List the prime factors of 722119.
722119
What are the prime factors of 12803125?
5, 17, 241
What are the prime factors of 17173856?
2, 7, 43, 1783
List the prime factors of 4780283.
4780283
What are the prime factors of 417001?
13, 32077
What are the prime factors of 291482?
2, 17, 8573
List the prime factors of 118227.
3, 39409
What are the prime factors of 2650746?
2, 3, 7, 63113
What are the prime factors of 211312?
2, 47, 281
What are the prime factors of 250092?
2, 3, 6947
What are the prime factors of 1412982?
2, 3, 23, 3413
What are the prime factors of 1342981?
73, 18397
What are the prime factors of 566285?
5, 37, 3061
List the prime factors of 20137793.
13, 1549061
List the prime factors of 175967.
11, 17, 941
List the prime factors of 562016.
2, 7, 13, 193
What are the prime factors of 949254?
2, 3, 158209
What are the prime factors of 5409519?
3, 17, 73, 1453
List the prime factors of 2642360.
2, 5, 7, 9437
List the prime factors of 16323047.
13, 1255619
What are the prime factors of 816513?
3, 272171
List the prime factors of 9920504.
2, 11, 79, 1427
List the prime factors of 1214893.
271, 4483
What are the prime factors of 5100820?
2, 5, 37, 61, 113
List the prime factors of 5860436.
2, 19, 29, 2659
List the prime factors of 149953.
149953
What are the prime factors of 1754936?
2, 53, 4139
List the prime factors of 51306.
2, 3, 17, 503
What are the prime factors of 6132288?
2, 3, 19, 41
What are the prime factors of 1487177?
17, 87481
List the prime factors of 5060654.
2, 271, 9337
List the prime factors of 238409.
29, 8221
What are the prime factors of 36822?
2, 3, 17, 19
List the prime factors of 14408771.
13, 85259
What are the prime factors of 467362?
2, 7, 19, 251
What are the prime factors of 2521778?
2, 7, 43, 59, 71
What are the prime factors of 9134926?
2, 613, 7451
List the prime factors of 914580.
2, 3, 5, 5081
List the prime factors of 203089.
43, 4723
What are the prime factors of 3604630?
2, 5, 109, 3307
What are the prime factors of 18791348?
2, 2087, 2251
List the prime factors of 33602189.
33602189
What are the prime factors of 91746?
2, 3, 1699
What are the prime factors of 13955277?
3, 7, 664537
What are the prime factors of 28050351?
3, 7, 401, 3331
List the prime factors of 977634.
2, 3, 7, 7759
List the prime factors of 16125.
3, 5, 43
What are the prime factors of 582667?
193, 3019
What are the prime factors of 551919?
3, 183973
List the prime factors of 445479.
3, 163, 911
What are the prime factors of 189246?
2, 3, 31541
What are the prime factors of 209609?
179, 1171
List the prime factors of 15899114.
2, 7, 11, 17, 6073
What are the prime factors of 468963?
3, 11, 1579
What are the prime factors of 666327?
3, 222109
List the prime factors of 2130340.
2, 5, 29, 3673
List the prime factors of 943965.
3, 5, 11, 1907
What are the prime factors of 106819?
37, 2887
What are the prime factors of 2963985?
3, 5, 197599
List the prime factors of 16602184.
2, 2075273
What are the prime factors of 14708191?
29, 167, 3037
What are the prime factors of 1507781?
11, 17, 733
What are the prime factors of 389221?
7, 55603
List the prime factors of 4737102.
2, 3, 101, 7817
List the prime factors of 3108774.
2, 3, 518129
What are the prime factors of 399308?
2, 7, 13, 1097
List the prime factors of 362670.
2, 3, 5, 7, 11, 157
List the prime factors of 3571